{"id":28814,"date":"2024-11-18T17:08:11","date_gmt":"2024-11-18T17:08:11","guid":{"rendered":"https:\/\/sportszapass.com\/?post_type=product&#038;p=28814"},"modified":"2024-11-29T04:39:13","modified_gmt":"2024-11-29T04:39:13","slug":"aj1-pink-black-og","status":"publish","type":"product","link":"https:\/\/sportszapass.com\/?product=aj1-pink-black-og","title":{"rendered":"AJ1 Pink Black OG"},"content":{"rendered":"<p>El Air Jordan 1 es una de las zapatillas m\u00e1s vendidas de Nike en relaci\u00f3n con la practica del baloncesto, desde sus or\u00edgenes siempre ha destacado por su gran versatilidad sobre la pista de basket. Adapt\u00e1ndose a diversos estilos de juegos y deslumbrando por su calidad.<\/p>\n","protected":false},"excerpt":{"rendered":"<p>El Air Jordan 1 es una de las zapatillas m\u00e1s vendidas de Nike en relaci\u00f3n con la practica del baloncesto, desde sus or\u00edgenes siempre ha destacado por su gran versatilidad sobre la pista de basket. Adapt\u00e1ndose a diversos estilos de juegos y deslumbrando por su calidad.<\/p>\n","protected":false},"featured_media":28926,"comment_status":"closed","ping_status":"closed","template":"","meta":[],"product_cat":[118],"product_tag":[],"_links":{"self":[{"href":"https:\/\/sportszapass.com\/index.php?rest_route=\/wp\/v2\/product\/28814"}],"collection":[{"href":"https:\/\/sportszapass.com\/index.php?rest_route=\/wp\/v2\/product"}],"about":[{"href":"https:\/\/sportszapass.com\/index.php?rest_route=\/wp\/v2\/types\/product"}],"replies":[{"embeddable":true,"href":"https:\/\/sportszapass.com\/index.php?rest_route=%2Fwp%2Fv2%2Fcomments&post=28814"}],"wp:featuredmedia":[{"embeddable":true,"href":"https:\/\/sportszapass.com\/index.php?rest_route=\/wp\/v2\/media\/28926"}],"wp:attachment":[{"href":"https:\/\/sportszapass.com\/index.php?rest_route=%2Fwp%2Fv2%2Fmedia&parent=28814"}],"wp:term":[{"taxonomy":"product_cat","embeddable":true,"href":"https:\/\/sportszapass.com\/index.php?rest_route=%2Fwp%2Fv2%2Fproduct_cat&post=28814"},{"taxonomy":"product_tag","embeddable":true,"href":"https:\/\/sportszapass.com\/index.php?rest_route=%2Fwp%2Fv2%2Fproduct_tag&post=28814"}],"curies":[{"name":"wp","href":"https:\/\/api.w.org\/{rel}","templated":true}]}}